actor of m and t?
8
Suppose -2*l + 28 = -0*l. Suppose -2*k + 8*t = 3*t - 267, 0 = -2*t - 6. What is the greatest common divisor of k and l?
14
Let h = -22 + -1. Let g = -12 - h. Let i = 10 + 12. What is the highest common divisor of g and i?
11
Suppose n + 30 + 3 = 4*b, 2*n = b - 66. Let g = 48 + n. Suppose -r - 207 = -3*r + 3*c, -317 = -3*r - 2*c. What is the highest common factor of g and r?
15
Let k = -120 + 86. Let g = -13 - k. Calculate the highest common divisor of 231 and g.
21
Suppose -4*d = 0, -162 = -2*r - 3*d + 160. Calculate the highest common factor of 23 and r.
23
Let k = 59 - 36. Suppose 2*b - 5*m = -k + 182, m = -b + 76. Let f = 1 - -10. Calculate the greatest common divisor of b and f.
11
Let z be (-2 + 3)/((-2)/(-90)). Let m(t) be the first derivative of 17*t**2/2 + t + 1. Let j be m(1). Calculate the highest common factor of z and j.
9
Let t = -10 - -5. Let c = t + 6. Calculate the greatest common divisor of c and 3.
1
Suppose -9*y + 273 = -699. What is the highest common divisor of y and 36?
36
Suppose 2*z = 4*j + 32, -2*j - 41 = -2*z - 3. Suppose -2*a - 10 = h - 4*h, -4*h - a = -6. What is the highest common divisor of z and h?
2
Suppose -40 = -2*g - 0*g. Suppose 4*y - 120 = -0*y. Calculate the highest common factor of y and g.
10
Let m be (-7 - 1*-2)*-2. Let g = 1 + m. Let t be -2 + 43 - 12/(-4). Calculate the highest common factor of t and g.
11
Suppose 3 = 3*v - 0. Let a be v/(2/(-8))*-1. What is the highest common factor of 20 and a?
4
Suppose -3*m = 2*n - 837, -n = -0*m + 3*m - 414. What is the greatest common divisor of 47 and n?
47
Let s(q) = 9*q - 40. Let i be s(5). Calculate the highest common factor of i and 1.
1
Suppose 2*x + 4*t - 4 = 80, 2*x + 3*t - 80 = 0. Suppose -4*m + x = -42. What is the greatest common divisor of 57 and m?
19
Let v(y) = 6*y + 4. Let s be v(5). Suppose s = -4*h + 126. Suppose -4*p - 3*z = -911, -p - z = 42 - 269. Calculate the highest common factor of p and h.
23
Let h(z) = 2*z**2 + 2*z. Let m be h(2). Let n be m/4 + (-6)/3. What is the greatest common factor of 1 and n?
1
Suppose 3*g - 225 = -30. Let o(k) = k + 2. Let w be o(3). Suppose -4*q - 29 = -w*z + 40, 3*z - 40 = q. What is the greatest common factor of z and g?
13
Let x = 16 - 11. Suppose x*g = 5*n - 67 - 33, 4*n - 5*g - 76 = 0. Calculate the highest common factor of 240 and n.
24
Suppose 3*o + 4*d - 2*d = 13, -o + 7 = 2*d. Let w = 61 - 34. Calculate the greatest common divisor of w and o.
3
Suppose -5*y - 3*k + 3 = 0, k = 2*k - 1. Let v be 0 - y - 622/(-1). Let p = v - 435. What is the highest common factor of p and 17?
17
Suppose 12 = -4*v, -t - 3*v = -0*t - 35. Calculate the greatest common divisor of t and 55.
11
Let y(f) = f**3 - f**2 - 2*f - 5. Let b be y(4). Let r(j) = j + 3. Let x be r(11). Calculate the greatest common divisor of x and b.
7
Suppose -2*i + 0*i - 4*b + 108 = 0, i - 5*b = 54. Calculate the highest common factor of i and 6.
6
Suppose 0 = 2*y + 2*y - 8, 3*y = -5*s - 144. Let a = s - -57. Let c be (-4)/10*(-3 - a). Calculate the highest common factor of 108 and c.
12
Let h = 73 - 46. Let y(l) = -2*l**3 - 4*l**2. Let t be y(-3). Calculate the greatest common divisor of t and h.
9
Let d be (-1 + 7)/((-2)/(-17)). Suppose 5*b + d = 606. Suppose -b = -4*v - 15. Calculate the greatest common factor of v and 60.
12
Let t be 0/(3 + -8 - -4) - -4. What is the highest common factor of t and 124?
4
Suppose -4*a - 8 = -0*a. Let s(h) = h + 10. Let b be s(-5). Let f = b + a. What is the highest common divisor of 18 and f?
3
Let g(x) = -x**2 + 9*x + 4. Let v be g(7). Let u(q) = -q**3 + 6*q**2 - 4*q - 6. Let h be u(5). Let i = 28 + h. What is the highest common factor of v and i?
9
Let t(r) = 4*r**2 + 2*r + 1. Let y be t(-1). Suppose -3*x + y = -9. Suppose f = -x*f + 40. Calculate the greatest common factor of f and 8.
8
Suppose -30 = 2*i + 2*b, 3*i - b + 56 = -5. Let p(h) = 9*h + 4. Let m be p(3). Let w = i + m. What is the highest common divisor of 24 and w?
12
Let h = -22 + 74. What is the greatest common factor of 364 and h?
52
Let f = 9 + -5. Let t be (-6)/(-24) - (-19)/4. Let l = 5 + t. What is the highest common factor of f and l?
2
Let b(d) = d**2 - 3*d - 5. Let u be b(7). Suppose -r = 5*g - u, -g + 5*g - 16 = 0. Let n = r - 0. Calculate the highest common divisor of 3 and n.
3
Suppose -t + 1 = -2. Suppose -t*b + 0*b = -3. What is the highest common divisor of b and 4?
1
Let h(s) = s**3 + 5*s**2 - 7*s. Let j be h(-5). What is the highest common factor of j and 7?
7
Let u(n) = n**2 - 10*n + 3. Let r be u(10). Let c = 0 + r. Suppose -28 = -c*y + 2. What is the greatest common factor of y and 2?
2
Suppose 35 = 3*i - 7. What is the highest common factor of 35 and i?
7
Let j = 14 + 10. Calculate the highest common factor of 12 and j.
12
Let a = 29 + -27. Suppose a*w - 330 = -132. What is the highest common factor of w and 9?
9
Suppose 8*v + 0*v - 1080 = 0. What is the highest common factor of 27 and v?
27
Let x(y) = -y**3 - 3*y**2 - y. Let o be x(-5). Suppose -4*h = -3*w - o, -w = -2*h - h + 45. What is the highest common factor of 32 and h?
16
Let u(a) = 205*a**2 + 1. Let m be u(1). Suppose -m = -3*g + 64. What is the highest common divisor of 10 and g?
10
Let n = 672 + -330. What is the highest common divisor of 38 and n?
38
Suppose -2*j - 2*j + 2*u + 518 = 0, 0 = 2*j - 4*u - 268. Calculate the greatest common divisor of j and 16.
16
Let j = 46 - 26. Let t = -17 + j. Calculate the greatest common factor of t and 33.
3
Suppose -89 = -4*t + i, -107 = -5*t + 2*i + 8. What is the highest common factor of t and 12?
3
Suppose -8 + 3 = -5*m. Suppose -3*n - f + 2 = 0, -5*f = -m + 21. Suppose n*t + b = 22, t - 3 - 3 = -3*b. What is the greatest common divisor of 4 and t?
4
Suppose t + 28 = 2*n + 147, 5*n + 15 = 0. Let a = t - 58. What is the greatest common factor of a and 22?
11
Let m(i) = 1 - i**2 + 0*i + 0 - 5*i. Let d be m(-2). What is the greatest common divisor of d and 7?
7
Let p(l) = -l - 1. Let a be ((-18)/(-5))/((-21)/70). Let m be p(a). Calculate the greatest common divisor of 33 and m.
11
Let u be (-4)/(-8) - 6/4. Let n(p) = -p**3 - 5*p**2 - 5*p - 3. Let a be n(-4). Let i be 0 - ((u - a) + -6). Calculate the highest common factor of 16 and i.
8
Let g(s) = -s**2 + 10*s + 6. Let w be g(10). Let z = -1 - -16. What is the highest common factor of z and w?
3
Suppose -n + 1 = i - 2, -2*i + 3*n = -1. What is the greatest common divisor of i and 2?
2
Let q(p) = -36*p. Let y be q(5). Let t = y - -296. What is the greatest common factor of t and 29?
29
Let t = 4 + -2. Suppose -t*q + 20 = 4. Let x = -6 + 10. What is the greatest common factor of x and q?
4
Let q(h) = 2*h**3 - 19*h**2 + 11*h - 7. Let n be q(9). What is the greatest common factor of 33 and n?
11
Let k = 10 - 3. What is the greatest common divisor of 21 and k?
7
Let t = 22 - 15. Suppose f - 2*f = -5*z + 42, 2*z = -2*f + 24. Let n = 16 - z. Calculate the greatest common divisor of t and n.
7
Let d = 35 + -33. Suppose 5*b + o - 5 = 0, 4 = -3*b + 7*b + 5*o. Let w be (d - 3)*(-9)/b. What is the highest common divisor of w and 3?
3
Suppose 4*y + 32 = -0*y. Let s be (-1 + 1)*4/y. Suppose 5*h + 0*h + 3*x - 40 = s, 5 = -2*h + 3*x. Calculate the greatest common factor of h and 2.
1
Let f = -423 - -631. Calculate the greatest common factor of f and 16.
16
Suppose 0 = y + y - 8. Suppose -2*v - 13 - 7 = 4*i, 3*v = -y*i - 24. Let l be v/14 - 298/(-14). What is the highest common factor of l and 7?
7
Suppose -2*d + 2*s = -2*s - 328, 4*d - 4*s = 648. Suppose 42 = 4*a - 22. Calculate the greatest common divisor of a and d.
16
Let w = -5 - -7. Suppose 0 = 5*j - 20, -2*t - w*j - 32 + 106 = 0. Let v be 10/4 - (-1)/2. What is the highest common divisor of v and t?
3
Let l = 106 - 104. What is the highest common divisor of l and 4?
2
Let l = -5 - -9. Suppose l*a = -a + 435. Let h = -61 + a. Calculate the highest common factor of 39 and h.
13
Let q = -19 - -58. What is the highest common factor of 39 and q?
39
Let u = 13 - 5. Let t be ((-22)/(-4))/(u/208). Calculate the highest common factor of 13 and t.
13
Suppose -4*r - 4*t = -16 - 48, -5*r + 85 = 4*t. Let n(x) = -7*x. Let j be n(-3). Calculate the greatest common factor of r and j.
21
Let z be (2/6)/((-1)/(-258)). Suppose -k + 6